 -24, -3*t + 6 = 5*k. Suppose 116 = 2*q + o, 2*q - 3*o + 6*o - 108 = k. Calculate the highest common factor of q and c.
20
Let j = -8014 + 8032. What is the greatest common factor of 16 and j?
2
Let t = -1948 + 2164. What is the highest common divisor of 144 and t?
72
Suppose 5*k - 265 = 3*y, 2*k - 14 = -3*y + 71. Let u(c) = -c - 6. Let d be u(-9). Let n be 3/d*3 - -22. What is the greatest common divisor of n and k?
25
Let m(c) = -175*c + 6830. Let y be m(39). Calculate the highest common factor of 785 and y.
5
Let i(q) = -1 - 9 - 2*q - q. Let k be i(-10). Let j = k + -14. Calculate the greatest common divisor of j and 9.
3
Let t(a) = 5*a**2 + 11*a - 35. Let v be t(10). Suppose 139 = 7*o - v. What is the greatest common factor of 34 and o?
34
Suppose 2*g = 5*f + 100, 0*f - 2*f = -g + 49. Suppose -2*v + 133 = -2*s + g, 5*v - 260 = -5*s. What is the greatest common divisor of 48 and v?
48
Let s(g) = -g**3 - 200*g**2 + 1031*g + 1252. Let f be s(-205). Suppose -277 = -a + 4*h, -3*a + h + 4*h + 866 = 0. What is the highest common divisor of a and f?
11
Let c = -20791 - -21156. What is the highest common divisor of c and 3?
1
Let f(r) = -r**2 - r - 1. Let b(d) = 5*d**2 + 33*d + 61. Let y(j) = b(j) + 6*f(j). Let p be y(27). Calculate the greatest common divisor of 5 and p.
5
Let q be -5*(3/20)/((-6)/(-144)). Let i = -9 - q. Suppose 4*o - 25 = -1. Calculate the greatest common divisor of i and o.
3
Suppose 12 = 2*u + 4*g, 6*g - g = 10. Suppose -u*m = -7*m + 180. Suppose -23*q + 908 = -334. What is the highest common divisor of q and m?
18
Let q = 266 - 266. Let m(w) = -12*w + 56. Let c be m(q). What is the highest common divisor of c and 14?
14
Let w = -259 - -263. Let q be 150/(-100) + 66/w. Calculate the greatest common factor of 55 and q.
5
Suppose -156*w = -154*w - 606. Let z = w + -263. What is the highest common factor of z and 360?
40
Suppose 0 = -82*y - 5157 + 15653. Calculate the highest common factor of y and 3216.
16
Let f = -10865 - -10937. What is the greatest common divisor of 872 and f?
8
Suppose -93*c = -55*c - 62*c + 816. What is the greatest common divisor of 1802 and c?
34
Let u = 18 + -14. Suppose 0 = o + 2, -2*p - u*o + 2*o + 76 = 0. Let k = 5283 + -5275. What is the greatest common divisor of k and p?
8
Let j(p) = 234*p**2 + 381*p - 1130. Let x be j(3). What is the highest common factor of 163 and x?
163
Let z = 163 - 98. Suppose -103 = -3*f + z. Let j = 80 - f. What is the greatest common divisor of j and 8?
8
Let s be 3/(-6)*2*-226. Let n = s - 216. Calculate the greatest common divisor of 20 and n.
10
Suppose 5*k - 77 = m + 3*m, 0 = m + 3. Let c be 11/(44/312) - -1. Let h = c - -64. What is the highest common divisor of k and h?
13
Suppose 29614 = 24*p - 16402 - 2032. Calculate the greatest common divisor of 231 and p.
77
Suppose -172*w + 3*z = -168*w - 22487, -5*w - 4*z + 28101 = 0. What is the greatest common divisor of 308 and w?
77
Suppose -3*y - 135 = 261. Let s = -104 - y. Calculate the highest common factor of 35 and s.
7
Let l be 2/3 + 7388/6. Suppose -79*p - 261194 = -262932. What is the greatest common factor of p and l?
22
Let o = -329 + 453. Suppose -44 = -8*c + o. Calculate the highest common factor of 77 and c.
7
Let h(p) = -p**2 - 85*p - 1742. Let b be h(-38). What is the greatest common factor of 8558 and b?
22
Let u(j) = 27*j**2 - 18*j - 17. Suppose 77*g - 75*g - 3*a = 13, 0 = 2*g + 3*a + 17. Let c be u(g). Calculate the highest common divisor of 24 and c.
4
Let g be -38 + (-4 - -3) - 0. Let x be (-84)/g + 2/(-13). Suppose -a - 60 = -5*v, -x*a - 9 = v + 2*a. Calculate the highest common divisor of v and 55.
11
Let x be -2 + 3 - 2/(24/(-108)). Suppose x*y = -94 + 274. Let q be 2/(-5) - 36/(-15). What is the greatest common divisor of q and y?
2
Let j(r) = -r - 5. Let u be j(0). Let c(i) = -7*i - 29. Let y be c(u). Calculate the highest common factor of y and 8.
2
Let h = 53 + -38. Let l be (0 + -1)*5 - -30. What is the highest common factor of l and h?
5
Let w(o) = o**2 + 16*o - 18. Let z be w(-14). Let m = 67 + z. Let a(n) = 147*n**2 - n - 1. Let d be a(-1). Calculate the greatest common factor of m and d.
21
Suppose -16*b - 6 = -19*b. Let y be 16/(-3)*3/b. Let f be 100/8*y*(-8)/20. Calculate the highest common divisor of f and 10.
10
Suppose 5*j = -3*p + 322, -p + 2*j + 64 = -58. Let t(i) = 126*i**2 + 421*i - 833. Let v be t(2). Calculate the greatest common divisor of v and p.
57
Let a = 14689 + -14674. Calculate the highest common factor of 41805 and a.
15
Let d(a) = 126*a - 4 + 13 + a**2 - 122*a. Let p be d(-6). Calculate the highest common divisor of 3 and p.
3
Let m be 2/3 + (-532)/(-84). Suppose 0 = -4*y + 2*p + 44, -2*p + 40 = 3*y - m*p. What is the highest common factor of y and 330?
10
Suppose 6*x = n + 2*x + 1, 3*n - 5*x - 11 = 0. Let q be -5 - ((-84)/n - 8). What is the greatest common divisor of 25 and q?
5
Let c = -2123 - -10849. What is the highest common divisor of 2 and c?
2
Suppose -3*m + 7*m - 12 = 0. Suppose 0*b + 52 = 3*g - 4*b, -m*g - 4*b = -92. Suppose 0 = -0*k + 4*k - 48. Calculate the greatest common factor of g and k.
12
Suppose -74*b = -70*b - 1160. Let d = b - 249. Calculate the greatest common factor of d and 328.
41
Let t(h) be the second derivative of h**4/6 + 7*h**3/6 + 13*h**2/2 - 2*h - 18. Let u be t(-5). What is the greatest common factor of 28 and u?
28
Suppose -26*s = -23*s - 12*s + 172584. Calculate the greatest common divisor of 51 and s.
51
Suppose 5*q = -3*d + 18726, -6 = -362*q + 360*q. Calculate the greatest common divisor of d and 42.
21
Let g be 4/8 - 27/(-6). Suppose 4*y + 304 = g*y. What is the highest common divisor of 38 and y?
38
Let j = -16516 + 17083. Calculate the greatest common divisor of j and 234.
9
Let s be (-35)/20*(-12)/42*528. Calculate the greatest common divisor of s and 3344.
88
Let c = -2631 - -2637. What is the greatest common factor of c and 26?
2
Let d(u) = 2*u**2 + 35*u - 51. Let p be d(-19). Calculate the highest common factor of 302 and p.
2
Let l = 28794 + -26649. Suppose -3*v = 3*t - 42, 44 = 3*t - 4*v + 5*v. Calculate the greatest common divisor of l and t.
15
Suppose -5*g + 79 = 5*o - 16, -50 = -5*g + 4*o. Let y be 706/g - (-124)/217. Calculate the greatest common divisor of y and 17.
17
Let y = 32 + -83. Let q be (y/(-15) + -3)*5. Suppose 6*b - q*b = -8, -4*b + 20 = 4*w. Calculate the highest common factor of 1 and w.
1
Suppose -2*g = -7*g - 100. Let x = -8 - g. Let w = 7 + x. What is the highest common factor of 171 and w?
19
Let n be ((-728)/8 + 1)*(-77)/66. What is the highest common divisor of 7635 and n?
15
Let c(m) = -4*m**2 + 30*m - 21. Let y be c(16). Let v = -559 - y. What is the greatest common divisor of v and 30?
6
Suppose o - 655 = -5*z, 0 = -z - 2*z - 4*o + 410. Let h be -7*z/50*(1 + -6). What is the highest common factor of h and 7?
7
Let u(a) = a**3 - 6*a**2 + a - 6. Let q be u(6). Let v(k) = -k**2 + 5 + 15*k + 1 - 3 + q*k**2. Let b be v(13). What is the greatest common factor of 261 and b?
29
Let p = -659 - -671. Let z = p + 160. Calculate the greatest common factor of z and 86.
86
Suppose 2*q - 3*u - 226 = 0, -u + 560 = 5*q - 6*u. Let n be (26/39)/((-5)/(-330)). Calculate the greatest common factor of q and n.
22
Let a = -332 + 332. Suppose 661 = 5*b + 2*i, a = -3*b + 4*b + 4*i - 125. Calculate the greatest common divisor of b and 7.
7
Let a be 28481 - -31 - (-3 + 18). What is the highest common factor of 118 and a?
59
Suppose -m + b + 98 = 0, -2*b + 56 - 345 = -3*m. Let y(a) = -11*a - 24. Let j be y(-5). What is the greatest common divisor of j and m?
31
Let k = -19368 - -19383. Suppose 3*i = 2*n + 152, -i + 33 = 5*n - 12. Calculate the greatest common factor of k and i.
5
Let z be 31434/195 - 30/25. What is the greatest common factor of 736 and z?
32
Suppose -3*o + 27 = -5*z + 109, -4*z + 5*o + 76 = 0. Let m(g) = -g**2 + 7*g + 4. Let i be m(5). Calculate the highest common divisor of i and z.
14
Suppose 182 = -d + 6*d - 2*k, -2*d + 3*k = -64. Let g = d + 1. Let f = g + 3. What is the greatest common factor of 21 and f?
21
Let x(m) = -4*m - 9. Let g be x(-3). Suppose 4*s + g*v = 37, -s = 2*s - 3*v - 33. Let z = s - -38. Calculate the greatest common factor of z and 12.
12
Suppose 3*m = -3*i + 3, -5*i + m + 50 =